{"id":20,"date":"2021-05-22T18:45:00","date_gmt":"2021-05-22T18:45:00","guid":{"rendered":"http:\/\/mariacarracedofisio.com\/?page_id=20"},"modified":"2021-05-25T18:18:04","modified_gmt":"2021-05-25T18:18:04","slug":"crea-tu-web-con-bloques","status":"publish","type":"page","link":"https:\/\/mariacarracedofisio.com\/index.php\/crea-tu-web-con-bloques\/","title":{"rendered":"P\u00e1gina de prueba"},"content":{"rendered":"\n<div class=\"is-layout-flex wp-container-10 wp-block-columns\">\n<div class=\"is-layout-flow wp-block-column\" style=\"flex-basis:100%\">\n<div class=\"is-layout-flow wp-block-group\"><div class=\"wp-block-group__inner-container\">\n<div class=\"is-layout-flex wp-container-7 wp-block-columns is-style-default\">\n<div class=\"is-layout-flow wp-block-column\" style=\"flex-basis:100%\">\n<div class=\"is-layout-flex wp-container-5 wp-block-columns\">\n<div class=\"is-layout-flow wp-block-column\" style=\"flex-basis:100%\">\n<div class=\"is-layout-flow wp-block-group is-style-twentytwentyone-border\"><div class=\"wp-block-group__inner-container\">\n<div class=\"is-layout-flex wp-container-2 wp-block-columns\">\n<div class=\"is-layout-flow wp-block-column\" style=\"flex-basis:100%\">\n<h2 class=\"has-text-align-center\"><strong>Hola soy Marta Cabezudo<\/strong><\/h2>\n<\/div>\n<\/div>\n<\/div><\/div>\n<\/div>\n<\/div>\n<\/div>\n<\/div>\n<\/div><\/div>\n<\/div>\n<\/div>\n\n\n\n<div style=\"height:100px\" aria-hidden=\"true\" class=\"wp-block-spacer\"><\/div>\n\n\n\n<div class=\"is-layout-flex wp-container-15 wp-block-columns alignwide are-vertically-aligned-center is-style-twentytwentyone-columns-overlap\">\n<div class=\"is-layout-flow wp-block-column is-vertically-aligned-center\">\n<figure class=\"is-layout-flex wp-block-gallery-11 wp-block-gallery columns-2 is-cropped\"><ul class=\"blocks-gallery-grid\"><li class=\"blocks-gallery-item\"><figure><img decoding=\"async\" loading=\"lazy\" width=\"1024\" height=\"683\" src=\"http:\/\/mariacarracedofisio.com\/wp-content\/uploads\/2021\/05\/physiotherapy-5624920_1920-1024x683.jpg\" alt=\"\" data-id=\"60\" data-link=\"http:\/\/mariacarracedofisio.com\/index.php\/crea-tu-web-con-bloques\/physiotherapy-5624920_1920\/\" class=\"wp-image-60\" srcset=\"https:\/\/mariacarracedofisio.com\/wp-content\/uploads\/2021\/05\/physiotherapy-5624920_1920-1024x683.jpg 1024w, https:\/\/mariacarracedofisio.com\/wp-content\/uploads\/2021\/05\/physiotherapy-5624920_1920-300x200.jpg 300w, https:\/\/mariacarracedofisio.com\/wp-content\/uploads\/2021\/05\/physiotherapy-5624920_1920-768x512.jpg 768w, https:\/\/mariacarracedofisio.com\/wp-content\/uploads\/2021\/05\/physiotherapy-5624920_1920-1536x1024.jpg 1536w, https:\/\/mariacarracedofisio.com\/wp-content\/uploads\/2021\/05\/physiotherapy-5624920_1920-1568x1045.jpg 1568w, https:\/\/mariacarracedofisio.com\/wp-content\/uploads\/2021\/05\/physiotherapy-5624920_1920.jpg 1920w\" sizes=\"(max-width: 1024px) 100vw, 1024px\" \/><\/figure><\/li><li class=\"blocks-gallery-item\"><figure><img decoding=\"async\" loading=\"lazy\" width=\"1024\" height=\"680\" src=\"http:\/\/mariacarracedofisio.com\/wp-content\/uploads\/2021\/05\/hands-1327811_1920-1024x680.jpg\" alt=\"\" data-id=\"61\" data-full-url=\"http:\/\/mariacarracedofisio.com\/wp-content\/uploads\/2021\/05\/hands-1327811_1920.jpg\" data-link=\"http:\/\/mariacarracedofisio.com\/index.php\/crea-tu-web-con-bloques\/hands-1327811_1920\/\" class=\"wp-image-61\" srcset=\"https:\/\/mariacarracedofisio.com\/wp-content\/uploads\/2021\/05\/hands-1327811_1920-1024x680.jpg 1024w, https:\/\/mariacarracedofisio.com\/wp-content\/uploads\/2021\/05\/hands-1327811_1920-300x199.jpg 300w, https:\/\/mariacarracedofisio.com\/wp-content\/uploads\/2021\/05\/hands-1327811_1920-768x510.jpg 768w, https:\/\/mariacarracedofisio.com\/wp-content\/uploads\/2021\/05\/hands-1327811_1920-1536x1020.jpg 1536w, https:\/\/mariacarracedofisio.com\/wp-content\/uploads\/2021\/05\/hands-1327811_1920-1568x1041.jpg 1568w, https:\/\/mariacarracedofisio.com\/wp-content\/uploads\/2021\/05\/hands-1327811_1920.jpg 1920w\" sizes=\"(max-width: 1024px) 100vw, 1024px\" \/><\/figure><\/li><\/ul><\/figure>\n<\/div>\n\n\n\n<div class=\"is-layout-flow wp-block-column is-vertically-aligned-center\">\n<div style=\"height:100px\" aria-hidden=\"true\" class=\"wp-block-spacer\"><\/div>\n<\/div>\n<\/div>\n\n\n\n<div style=\"height:50px\" aria-hidden=\"true\" class=\"wp-block-spacer\"><\/div>\n\n\n\n<div class=\"is-layout-flex wp-container-19 wp-block-columns alignwide are-vertically-aligned-top\">\n<div class=\"is-layout-flow wp-block-column is-vertically-aligned-top\">\n<h3>Estamos probando la web<\/h3>\n\n\n\n<p>Los patrones de bloques son grupos de bloques predise\u00f1ados. Para a\u00f1adir uno, selecciona el bot\u00f3n \u00abA\u00f1adir bloque [+]\u00bb en la barra de herramientas de la parte superior del editor. Cambia a la pesta\u00f1a \u00abPatrones\u00bb debajo de la barra de b\u00fasqueda y elige un patr\u00f3n.<\/p>\n<\/div>\n\n\n\n<div class=\"is-layout-flow wp-block-column is-vertically-aligned-top\">\n<h3 class=\"has-text-align-center\">Acceder\u00e1s a informaci\u00f3n interesante en nuestro blog<\/h3>\n\n\n\n<p>Twenty Twenty-One incluye bordes elegantes para tu contenido. Al seleccionar un bloque de imagen, abre el panel \u00abEstilos\u00bb dentro de la barra lateral del editor. Selecciona el estilo de bloque \u00abMarco\u00bb para activarlo.<\/p>\n<\/div>\n\n\n\n<div class=\"is-layout-flow wp-block-column is-vertically-aligned-top\">\n<h3 class=\"has-text-align-center\">En breve iremos dotando de contenido esta web<\/h3>\n\n\n\n<p>Twenty Twenty-One tambi\u00e9n incluye un estilo de superposici\u00f3n para bloques de columnas. Al seleccionar un bloque de columnas, abre el panel \u00abEstilos\u00bb de la barra lateral del editor. Elige el estilo de bloque \u00abSuperposici\u00f3n\u00bb para probarlo.<\/p>\n<\/div>\n<\/div>\n","protected":false},"excerpt":{"rendered":"<p>Hola soy Marta Cabezudo Estamos probando la web Los patrones de bloques son grupos de bloques predise\u00f1ados. Para a\u00f1adir uno, selecciona el bot\u00f3n \u00abA\u00f1adir bloque [+]\u00bb en la barra de herramientas de la parte superior del editor. Cambia a la pesta\u00f1a \u00abPatrones\u00bb debajo de la barra de b\u00fasqueda y elige un patr\u00f3n. Acceder\u00e1s a informaci\u00f3n&hellip; <br \/> <a class=\"read-more\" href=\"https:\/\/mariacarracedofisio.com\/index.php\/crea-tu-web-con-bloques\/\">Leer m\u00e1s<\/a><\/p>\n","protected":false},"author":1,"featured_media":0,"parent":0,"menu_order":0,"comment_status":"closed","ping_status":"closed","template":"","meta":{"om_disable_all_campaigns":false,"_monsterinsights_skip_tracking":false,"_monsterinsights_sitenote_active":false,"_monsterinsights_sitenote_note":"","_monsterinsights_sitenote_category":0},"_links":{"self":[{"href":"https:\/\/mariacarracedofisio.com\/index.php\/wp-json\/wp\/v2\/pages\/20"}],"collection":[{"href":"https:\/\/mariacarracedofisio.com\/index.php\/wp-json\/wp\/v2\/pages"}],"about":[{"href":"https:\/\/mariacarracedofisio.com\/index.php\/wp-json\/wp\/v2\/types\/page"}],"author":[{"embeddable":true,"href":"https:\/\/mariacarracedofisio.com\/index.php\/wp-json\/wp\/v2\/users\/1"}],"replies":[{"embeddable":true,"href":"https:\/\/mariacarracedofisio.com\/index.php\/wp-json\/wp\/v2\/comments?post=20"}],"version-history":[{"count":4,"href":"https:\/\/mariacarracedofisio.com\/index.php\/wp-json\/wp\/v2\/pages\/20\/revisions"}],"predecessor-version":[{"id":75,"href":"https:\/\/mariacarracedofisio.com\/index.php\/wp-json\/wp\/v2\/pages\/20\/revisions\/75"}],"wp:attachment":[{"href":"https:\/\/mariacarracedofisio.com\/index.php\/wp-json\/wp\/v2\/media?parent=20"}],"curies":[{"name":"wp","href":"https:\/\/api.w.org\/{rel}","templated":true}]}}